is the units digit of s?
7
Let x(v) = -12*v**3 + v**2 + 4*v + 1. What is the units digit of x(-3)?
2
Suppose -5*i + 254 + 46 = -5*g, i - 60 = -5*g. What is the units digit of i?
0
Let y be 2 + (-7)/(14/12). Let l = -3 - y. What is the units digit of l?
1
Let c(t) = t**3 - 4*t**2 + 2*t - 1. Let l be c(3). Let d be -15*(0 - 1/3). Let u = l + d. What is the units digit of u?
1
Let p be -3 - -1*(-2 - 0). Let c = p - -8. What is the units digit of 0 + (-2 - -3) + c?
4
Let t(d) be the third derivative of -3*d**6/40 - d**5/60 + d**4/24 + d**3/6 - d**2. Let o be (-1)/(-3) + (-8)/6. What is the units digit of t(o)?
8
Let r(s) = s**2 + 4*s - 2. Let u be r(-5). Suppose -2*o = -o - u. What is the units digit of (8/5)/(o/15)?
8
Let l = -9 - -10. What is the units digit of l?
1
Let c(b) = -b**2 - 6*b + 5. Let i be c(-7). Let n be (-1)/i + (-23)/(-2). Let h = -7 + n. What is the units digit of h?
5
Let a be (-2)/(-3) + (-15)/9. Let z = -1 + a. What is the units digit of -1 + (2 + z - -2)?
1
Suppose -8*r = 5*r - 2314. What is the tens digit of r?
7
Let u = 21 + -45. Let x = u + 48. What is the tens digit of x?
2
Let j be 4/(13 + -1)*-21. Let f(p) = -p**2 + 4*p - 7. Let l be f(5). Let d = j - l. What is the units digit of d?
5
Let d be (-134)/(-10) + 4/(-10). Suppose -v - 4*b - 1 = -2*b, 0 = -v + 5*b + d. Suppose 3*i + v*l + 3 = 6, i + 2*l + 3 = 0. What is the units digit of i?
5
Suppose 4*c = -5*k - 141 + 502, -5*k - 84 = -c. What is the tens digit of c?
8
Suppose -14 + 4 = -2*k. Suppose -5*q = -2*q + k*m + 11, -3*m - 18 = -2*q. What is the units digit of q?
3
What is the hundreds digit of (-4)/(-12) - (-311)/3?
1
Suppose -d - 3 = -4*d. Let r be d/(-4) - 9/(-4). What is the units digit of 1*r + (2 - 1)?
3
Let x(h) = -h - 3. Suppose c + 3 + 4 = 0. Let b be x(c). What is the tens digit of (55/4)/5*b?
1
Suppose -2*u + 39 = 3*a, -132 = -6*u + u + 4*a. Let s be -6 - -3 - (-1 + 14). Let g = s + u. What is the units digit of g?
8
Suppose 5*g = 9*g - 560. What is the hundreds digit of g?
1
Let s(n) = n - 2. Suppose -8*a + 10 = -3*a. Let z be s(a). Suppose z = 2*i - 14. What is the units digit of i?
7
Suppose 0*w + 3*w - 102 = 0. What is the units digit of w?
4
Suppose a - 7*t + 12 = -3*t, 5*a = 4*t - 60. Let v be (1 + 0)/(6/a). Let i = v + 6. What is the units digit of i?
4
What is the hundreds digit of ((-35)/(-21))/(2/246)?
2
Suppose 0 = -m + 54 + 47. What is the hundreds digit of m?
1
Let i(q) = q**3 - 5*q**2 + 5*q - 11. What is the tens digit of i(5)?
1
Let l = -7 + 13. Let a = 12 - l. What is the units digit of a?
6
Let a = -38 + 119. What is the tens digit of a?
8
Let r = 44 - 25. What is the units digit of r?
9
Suppose 3 = 4*n - 1. Suppose 0 = 2*s - n - 5. Suppose s*w - 9 = 24. What is the tens digit of w?
1
Suppose -5*h + 2 + 18 = 0. Suppose j - 3*g - 27 = 0, -h*g = -3*g. What is the units digit of j?
7
Suppose -4*d = -d - 9. Suppose s - 2 = l + 15, -d*l - 15 = 0. What is the tens digit of s?
1
Suppose -5*w = -294 + 74. What is the tens digit of w?
4
Let g be (-6)/(-8) + 6/(-8). What is the units digit of -1*(1 + g) - -13?
2
Suppose 12*v - 764 = 28. What is the tens digit of v?
6
Suppose -m = -2*m - 2*o + 3, 4*m + 5*o - 15 = 0. Let g = -2 - -3. Suppose m*x - 50 = -5*s, -4*x + 11 - g = -s. What is the units digit of s?
6
Suppose -5*p + 538 + 107 = 0. What is the units digit of p?
9
Suppose -2*h - 2*v + 48 = 0, h - 5*v - 4 = 8. What is the tens digit of h?
2
Let y(x) = -1. Let d(p) = p**2 + 7*p - 9. Let v(j) = d(j) + 3*y(j). What is the units digit of v(-10)?
8
Let z(m) = -m**3 - 2*m**2 - m. Let g be z(-1). Suppose g = -4*s - 15 - 21. Let j = s + 19. What is the tens digit of j?
1
Let c = 14 + -14. Suppose c = 3*j - 65 - 31. What is the tens digit of j?
3
Let j = -153 - -282. Suppose 5*y = j + 126. What is the units digit of y?
1
Let j be 1 - (0 - 3) - -71. Let s = j + -30. What is the tens digit of s?
4
Suppose -4*j - j = -50. Suppose 3*u + 6 = -0*u, 2*u = -s - j. Let b = s - -10. What is the units digit of b?
4
Suppose -99 = -5*r + 21. What is the units digit of r?
4
Let q(o) = 2 + 5*o**2 - 2 + 2*o + 1. Let s be q(-1). Suppose -s*i = 3*y - 24, y + 0*y = -i + 7. What is the units digit of y?
4
Let d(c) = c**2 + 6*c - 8. Let h be d(-7). Let n be h/(-4) - (-22)/8. Suppose 5 - 2 = n*y. What is the units digit of y?
1
Let s be (-1)/(-2) + (-97)/2. Let m = -22 - s. Suppose m = 3*b - 2*t, 5*b - 6*t + 3*t - 43 = 0. What is the units digit of b?
8
Let n be ((-24)/9)/((-4)/6). Suppose 44 = n*z - 2*h, -4*h + 5*h - 28 = -3*z. Suppose -3*v + 2*v = -z. What is the tens digit of v?
1
Suppose 3*h - 20 = h. Let d be ((-52)/h)/((-4)/10). Suppose d = 2*a - 21. What is the tens digit of a?
1
Let p = -2 + 7. Suppose -p*t + 40 = 10. What is the units digit of t?
6
Let g(v) = -v - 7. Let c be g(-5). What is the units digit of (1/c)/(3/(-12))?
2
Let q = 1 - -1. Suppose q*f + 2*g + 27 = 5*f, 2*f - g - 19 = 0. Let u = f + -4. What is the units digit of u?
7
Let h(w) = 3*w - 4. Let l be h(7). Suppose 4*f = f + 2*v + l, 10 = 2*v. Suppose 4*p - 16 = 6*u - 2*u, f = -3*u. What is the units digit of p?
1
Let n(q) = q - 4. Let f be n(-9). Let t be f/(-4) - (-3)/(-12). What is the tens digit of t/(6/20) + 2?
1
Let d(m) = m**2 + 3*m**2 - 5*m**2 + 13*m**3. Let h be d(-1). Let y = 32 + h. What is the tens digit of y?
1
Let l = 20 + 80. Suppose -5*z = -4*p + l, 2*z - 68 = -0*p - 2*p. What is the units digit of p?
0
Suppose 0 = 4*p - 4*h - 1 - 19, -h = p + 3. Suppose -3*l + 2*k = -6, 0 = 5*l + 4*k - 11 + p. What is the units digit of l + -2 - 1 - -2?
1
Let x(d) = -d**2 + d + 4. Let i be x(-3). Let c = -3 - i. Suppose -c*y + 4 = -3*y, a + 8 = 5*y. What is the units digit of a?
2
Suppose 1 = -3*n + 13. What is the units digit of n?
4
Suppose 2*f - s = 2*s - 12, -5*s = -4*f - 26. What is the units digit of 22/6 - 3/f?
4
Suppose 2*h + h - 52 = -5*l, -3*l + 5*h + 38 = 0. Suppose 3*n - 2*t = 1 + 19, 2*n + t - l = 0. What is the units digit of n?
6
Let s be (-52)/(-9) + 4/18. Suppose s = 4*p - p. Suppose d + p*d = 27. What is the units digit of d?
9
Let s(r) = 32*r - 3. What is the units digit of s(4)?
5
Let n be ((-9)/(-6))/((-1)/(-2)). Suppose p + 5*x - 7 = 0, 4*p + 3*x = -x + 12. Suppose -n*j + 21 = z + p*z, -29 = -5*z - 3*j. What is the units digit of z?
4
Let c be 22*(-3 - (-11)/2). Let o = -18 + c. What is the tens digit of o?
3
Let c be ((6 + -2)/(-4))/1. What is the units digit of (0 + c)*69/(-3)?
3
Let z(j) = j**3 + 13*j**2 + 11*j - 11. Let b be z(-12). What is the units digit of b - -14 - (-2 + 1)?
6
Let u(o) = -22*o - 29. What is the hundreds digit of u(-8)?
1
What is the units digit of 130/(-75)*-6*10?
4
Let w(r) be the third derivative of -r**6/120 + r**5/20 + 5*r**4/24 - r**3/3 + 2*r**2. What is the tens digit of w(3)?
1
Let f(i) = 7*i**2 - i**3 - 3 - 5 + i**2 + 3*i + 0*i. What is the tens digit of f(8)?
1
Suppose -2*y - 10 = 0, -2*y - 52 = -g + 174. What is the hundreds digit of g?
2
Suppose -n - 2*d = -0*n + 4, -6 = 2*n + 3*d. Suppose s - 2 = n, 2*s - 3*s - 273 = -5*m. What is the units digit of m?
5
Let r(a) be the third derivative of -a**5/60 - a**3/2 - 4*a**2. Let g be r(3). What is the units digit of 1*(-2)/3*g?
8
Let i(w) = -w**3 + w**2 - w + 9. Let q be i(0). Suppose 0 = 2*o - q + 3. What is the units digit of o?
3
Let y = 37 + -24. Suppose -3*n = -8 - y. What is the units digit of n?
7
Suppose -3*q = 4*r - 4 - 10, 16 = 3*r + 5*q. Suppose 0*f + r*f = -10, 5*f + 12 = -t. What is the tens digit of t?
1
Suppose 5*p = 965 - 95. What is the units digit of p?
4
Let m(w) = -w**2 - 6*w - 3. Let k be m(-2). Let q(r) = 3*r + 4. What is the units digit of q(k)?
9
Suppose -4*w + 140 = 2*a, -5*a + 416 = 5*w + 81. What is the units digit of a?
4
What is the units digit of 2/(2 - (-28)/(-16))?
8
Suppose 4*q = 282 + 158. What is the units digit of q?
0
Let q = 30 - 10. What is the units digit of q?
0
Let g = -51 + 151. What is the tens digit of g?
0
Suppose 2*m - b = 0, -m - 6*b - 14 = -3*b. Let v be 4/2*25/m. Let q = -18 - v. What is the units digit of q?
7
Suppose 56 + 88 = 2*v. Suppose 3*f + 0*f = v. What is the units digit of f?
4
Suppose -c + 0*c = -38. What is the units digit of c?
8
Let v(h) = h**3 + 2*h**2 - 4*h - 2. Suppose 2*l - 4 = -0*l. Suppose 5*z - z - 7 = a, l*a = -5*z - 1. What